{"version":"1.0","provider_name":"Fedezd fel Magad!","provider_url":"https:\/\/fedezdfelmagad.cafeblog.hu","author_name":"Fedezd fel Magad","author_url":"https:\/\/fedezdfelmagad.cafeblog.hu\/author\/fedezd_fel_magad\/","title":"Lez\u00e1r\u00e1s","html":"<p><img class=\" wp-image-344 alignright\" src=\"https:\/\/fedezdfelmagad.cafeblog.hu\/files\/2018\/09\/photo_2018-09-01_17-51-20-600x400.jpg\" alt=\"\" width=\"348\" height=\"232\" \/>Az \u00e9let\u00fcnkben sokkal t\u00f6bb lez\u00e1r\u00e1s, b\u00facs\u00fa van \u00e9s ezek mind tan\u00edthatnak nek\u00fcnk valamit. P\u00e9ld\u00e1ul azt, hogy itt az ideje meg\u00e1llni \u00e9s megn\u00e9zni, mi t\u00f6rt\u00e9nik k\u00f6r\u00fcl\u00f6tt\u00fcnk. Elm\u00falt a ny\u00e1r. Lez\u00e1rul egy id\u0151szak, egy \u00e9vszak. \u00c1llj meg egy pillanatra. \u00d6sszegezd azt, ami veled t\u00f6rt\u00e9nt ebben az id\u0151szakban.<\/p>\r\n<ul>\r\n<li>Mi volt a legszebb \u00e9lm\u00e9nyed?<\/li>\r\n<li>Mit adott Neked az az \u00e9lm\u00e9ny?<\/li>\r\n<li>Hogyan lehetne m\u00e9g t\u00f6bb bel\u0151le?<\/li>\r\n<li>Mi az, amit j\u00f6v\u0151re m\u00e1sk\u00e9pp csin\u00e1ln\u00e1l? Vagy ak\u00e1r m\u00e1r holnapt\u00f3l?<\/li>\r\n<\/ul>\r\n<p>A legszebb \u00e9lm\u00e9nyeket ak\u00e1r \u00f6ssze is gy\u0171jtheted albumba, napl\u00f3ba \u00e9s t\u00e9li napokon el\u0151 tudod venni, hogy felid\u00e9zd.<\/p>\r\n<p>Amikor lez\u00e1runk, b\u00facs\u00fazunk is. Most a ny\u00e1rt\u00f3l. Amikor elb\u00facs\u00fazunk, puszit adunk, meg\u00f6lel\u00fcnk m\u00e1sokat. Vagy gyerty\u00e1t gy\u00fajtunk. Egy kis szertart\u00e1ssal k\u00f6sz\u00f6n\u00fcnk el a szem\u00e9lyekt\u0151l. Mi\u00e9rt ne tehetn\u00e9nk ezt meg a term\u00e9szet v\u00e1ltoz\u00e1saival kapcsolatban is? Meg\u00f6lelhet\u00fcnk egy f\u00e1t, vagy gy\u00fajthatunk egy gyerty\u00e1t, medit\u00e1lhatunk a term\u00e9szetben. Megk\u00f6sz\u00f6nhetj\u00fck a ny\u00e1rnak az aj\u00e1nd\u00e9kait.<\/p>\r\n<p>Anyak\u00e9nt is ok lez\u00e1r\u00e1st \u00e9lhet\u00fcnk \u00e1t. Hiszen a gyerek sz\u00fclet\u00e9s\u00e9vel lez\u00e1rul egy \u00e9letszakaszunk. Majd egy kisbaba rendk\u00edv\u00fcl gyorsan v\u00e1ltozik, fejl\u0151dik. Azt\u00e1n j\u00f6n a b\u00f6lcsi, ovi. Egyre gyakrabban \u00e9s hosszabban kell elengedn\u00fcnk a kez\u00e9t. \u00cdgy hasznos, ha gyakoroljuk az elenged\u00e9st. ;) De ezekr\u0151l a lez\u00e1r\u00e1sokr\u00f3l, v\u00e1ltoz\u00e1sokr\u00f3l k\u00fcl\u00f6n bejegyz\u00e9sek is lesznek.<\/p>\r\n<p>Nem csak a ny\u00e1r \u00e9r v\u00e9get, hanem az \u00c9lj szabadon! sorozat is. A vide\u00f3k \u00e9s a bejegyz\u00e9sek folytat\u00f3dni fognak.Ha szeretn\u00e9l valamilyen t\u00e9m\u00e1r\u00f3l olvasni, hallani, akkor \u00edrd meg! :)<\/p>\r\n<p>K\u00f6sz\u00f6n\u00f6m, hogy k\u00f6vett\u00e9l! Tal\u00e1lkozzunk az \u0151szi programokon!<\/p>\r\n<p>Szeretettel: Edit<\/p>\r\n<p>K\u00e9p forr\u00e1sa: pixabay.com<\/p>\r\n<p>[embed]https:\/\/www.youtube.com\/watch?v=2f2r83OkIhk[\/embed]<\/p>\r\n<p>&nbsp;<\/p>","type":"rich","thumbnail_url":"https:\/\/fedezdfelmagad.cafeblog.hu\/files\/2018\/09\/photo_2018-09-01_17-51-20-150x150.jpg","thumbnail_width":150,"thumbnail_height":150}

Lezárás

<p><img class=" wp-image-344 alignright" src="https://fedezdfelmagad.cafeblog.hu/files/2018/09/photo_2018-09-01_17-51-20-600x400.jpg" alt="" width="348" height="232" />Az életünkben sokkal több lezárás, búcsú van és ezek mind taníthatnak nekünk valamit. Például azt, hogy itt az ideje megállni és megnézni, mi történik körülöttünk. Elmúlt a nyár. Lezárul egy időszak, egy évszak. Állj meg egy pillanatra. Összegezd azt, ami veled történt ebben az időszakban.</p>
<ul>
<li>Mi volt a legszebb élményed?</li>
<li>Mit adott Neked az az élmény?</li>
<li>Hogyan lehetne még több belőle?</li>
<li>Mi az, amit jövőre másképp csinálnál? Vagy akár már holnaptól?</li>
</ul>
<p>A legszebb élményeket akár össze is gyűjtheted albumba, naplóba és téli napokon elő tudod venni, hogy felidézd.</p>
<p>Amikor lezárunk, búcsúzunk is. Most a nyártól. Amikor elbúcsúzunk, puszit adunk, megölelünk másokat. Vagy gyertyát gyújtunk. Egy kis szertartással köszönünk el a személyektől. Miért ne tehetnénk ezt meg a természet változásaival kapcsolatban is? Megölelhetünk egy fát, vagy gyújthatunk egy gyertyát, meditálhatunk a természetben. Megköszönhetjük a nyárnak az ajándékait.</p>
<p>Anyaként is ok lezárást élhetünk át. Hiszen a gyerek születésével lezárul egy életszakaszunk. Majd egy kisbaba rendkívül gyorsan változik, fejlődik. Aztán jön a bölcsi, ovi. Egyre gyakrabban és hosszabban kell elengednünk a kezét. Így hasznos, ha gyakoroljuk az elengedést. ;) De ezekről a lezárásokról, változásokról külön bejegyzések is lesznek.</p>
<p>Nem csak a nyár ér véget, hanem az Élj szabadon! sorozat is. A videók és a bejegyzések folytatódni fognak.Ha szeretnél valamilyen témáról olvasni, hallani, akkor írd meg! :)</p>
<p>Köszönöm, hogy követtél! Találkozzunk az őszi programokon!</p>
<p>Szeretettel: Edit</p>
<p>Kép forrása: pixabay.com</p>
<p>[embed]https://www.youtube.com/watch?v=2f2r83OkIhk[/embed]</p>
<p>&nbsp;</p>
